{"id":8,"date":"2022-04-13T09:20:48","date_gmt":"2022-04-13T09:20:48","guid":{"rendered":"https:\/\/themes.muffingroup.com\/be\/lottie_el\/?page_id=8"},"modified":"2025-11-14T08:43:01","modified_gmt":"2025-11-14T08:43:01","slug":"home","status":"publish","type":"page","link":"https:\/\/caravancentrebienne.ch\/","title":{"rendered":"Home"},"content":{"rendered":"\t\t<div data-elementor-type=\"wp-page\" data-elementor-id=\"8\" class=\"elementor elementor-8\">\n\t\t\t\t\t\t\t\t\t<section class=\"elementor-section elementor-top-section elementor-element elementor-element-4c4e80d elementor-section-stretched elementor-section-boxed elementor-section-height-default elementor-section-height-default\" data-id=\"4c4e80d\" data-element_type=\"section\" data-settings=\"{&quot;stretch_section&quot;:&quot;section-stretched&quot;,&quot;background_background&quot;:&quot;classic&quot;}\">\n\t\t\t\t\t\t<div class=\"elementor-container elementor-column-gap-wider\">\n\t\t\t\t\t<div class=\"elementor-column elementor-col-100 elementor-top-column elementor-element elementor-element-6a76159\" data-id=\"6a76159\" data-element_type=\"column\">\n\t\t\t<div class=\"elementor-widget-wrap elementor-element-populated\">\n\t\t\t\t\t\t\t\t<div class=\"elementor-element elementor-element-ba6fa6c elementor-widget elementor-widget-heading\" data-id=\"ba6fa6c\" data-element_type=\"widget\" data-widget_type=\"heading.default\">\n\t\t\t\t<div class=\"elementor-widget-container\">\n\t\t\t<style>\/*! elementor - v3.6.8 - 27-07-2022 *\/\n.elementor-heading-title{padding:0;margin:0;line-height:1}.elementor-widget-heading .elementor-heading-title[class*=elementor-size-]>a{color:inherit;font-size:inherit;line-height:inherit}.elementor-widget-heading .elementor-heading-title.elementor-size-small{font-size:15px}.elementor-widget-heading .elementor-heading-title.elementor-size-medium{font-size:19px}.elementor-widget-heading .elementor-heading-title.elementor-size-large{font-size:29px}.elementor-widget-heading .elementor-heading-title.elementor-size-xl{font-size:39px}.elementor-widget-heading .elementor-heading-title.elementor-size-xxl{font-size:59px}<\/style><h2 class=\"elementor-heading-title elementor-size-default\"><span><h2 class=\"title\"><span>Ihr Partner f\u00fcr sch\u00f6ne Urlaube auf R\u00e4dern<\/span><\/h2><\/span><\/h2>\t\t<\/div>\n\t\t\t\t<\/div>\n\t\t\t\t<div class=\"elementor-element elementor-element-2b74999 elementor-widget elementor-widget-text-editor\" data-id=\"2b74999\" data-element_type=\"widget\" data-widget_type=\"text-editor.default\">\n\t\t\t\t<div class=\"elementor-widget-container\">\n\t\t\t<style>\/*! elementor - v3.6.8 - 27-07-2022 *\/\n.elementor-widget-text-editor.elementor-drop-cap-view-stacked .elementor-drop-cap{background-color:#818a91;color:#fff}.elementor-widget-text-editor.elementor-drop-cap-view-framed .elementor-drop-cap{color:#818a91;border:3px solid;background-color:transparent}.elementor-widget-text-editor:not(.elementor-drop-cap-view-default) .elementor-drop-cap{margin-top:8px}.elementor-widget-text-editor:not(.elementor-drop-cap-view-default) .elementor-drop-cap-letter{width:1em;height:1em}.elementor-widget-text-editor .elementor-drop-cap{float:left;text-align:center;line-height:1;font-size:50px}.elementor-widget-text-editor .elementor-drop-cap-letter{display:inline-block}<\/style>\t\t\t\t<div data-id=\"bdc4260\" data-element_type=\"widget\" data-widget_type=\"text-editor.default\">\n<div>\n<p>Werte Kunden Herzlichst Willkommen bei&nbsp;<b>\u201eCARAVAN CENTRE Biel\/Bienne\u201c<\/b>.<\/p>\n<p>Wir haben f\u00fcr Sie immer nur sch\u00f6ne und stetig gepflegte&nbsp;Occasion&nbsp;Wohnwagen und Wohnmobile zur Auswahl.<\/p>\n<p>Ihr Nik Qerimi<\/p>\n\n<\/div>\n<\/div>\t\t\t\t\t\t<\/div>\n\t\t\t\t<\/div>\n\t\t\t\t<div class=\"elementor-element elementor-element-6ce6296 elementor-widget-divider--view-line elementor-widget elementor-widget-divider\" data-id=\"6ce6296\" data-element_type=\"widget\" data-widget_type=\"divider.default\">\n\t\t\t\t<div class=\"elementor-widget-container\">\n\t\t\t<style>\/*! elementor - v3.6.8 - 27-07-2022 *\/\n.elementor-widget-divider{--divider-border-style:none;--divider-border-width:1px;--divider-color:#2c2c2c;--divider-icon-size:20px;--divider-element-spacing:10px;--divider-pattern-height:24px;--divider-pattern-size:20px;--divider-pattern-url:none;--divider-pattern-repeat:repeat-x}.elementor-widget-divider .elementor-divider{display:-webkit-box;display:-ms-flexbox;display:flex}.elementor-widget-divider .elementor-divider__text{font-size:15px;line-height:1;max-width:95%}.elementor-widget-divider .elementor-divider__element{margin:0 var(--divider-element-spacing);-ms-flex-negative:0;flex-shrink:0}.elementor-widget-divider .elementor-icon{font-size:var(--divider-icon-size)}.elementor-widget-divider .elementor-divider-separator{display:-webkit-box;display:-ms-flexbox;display:flex;margin:0;direction:ltr}.elementor-widget-divider--view-line_icon .elementor-divider-separator,.elementor-widget-divider--view-line_text .elementor-divider-separator{-webkit-box-align:center;-ms-flex-align:center;align-items:center}.elementor-widget-divider--view-line_icon .elementor-divider-separator:after,.elementor-widget-divider--view-line_icon .elementor-divider-separator:before,.elementor-widget-divider--view-line_text .elementor-divider-separator:after,.elementor-widget-divider--view-line_text .elementor-divider-separator:before{display:block;content:\"\";border-bottom:0;-webkit-box-flex:1;-ms-flex-positive:1;flex-grow:1;border-top:var(--divider-border-width) var(--divider-border-style) var(--divider-color)}.elementor-widget-divider--element-align-left .elementor-divider .elementor-divider-separator>.elementor-divider__svg:first-of-type{-webkit-box-flex:0;-ms-flex-positive:0;flex-grow:0;-ms-flex-negative:100;flex-shrink:100}.elementor-widget-divider--element-align-left .elementor-divider-separator:before{content:none}.elementor-widget-divider--element-align-left .elementor-divider__element{margin-left:0}.elementor-widget-divider--element-align-right .elementor-divider .elementor-divider-separator>.elementor-divider__svg:last-of-type{-webkit-box-flex:0;-ms-flex-positive:0;flex-grow:0;-ms-flex-negative:100;flex-shrink:100}.elementor-widget-divider--element-align-right .elementor-divider-separator:after{content:none}.elementor-widget-divider--element-align-right .elementor-divider__element{margin-right:0}.elementor-widget-divider:not(.elementor-widget-divider--view-line_text):not(.elementor-widget-divider--view-line_icon) .elementor-divider-separator{border-top:var(--divider-border-width) var(--divider-border-style) var(--divider-color)}.elementor-widget-divider--separator-type-pattern{--divider-border-style:none}.elementor-widget-divider--separator-type-pattern.elementor-widget-divider--view-line .elementor-divider-separator,.elementor-widget-divider--separator-type-pattern:not(.elementor-widget-divider--view-line) .elementor-divider-separator:after,.elementor-widget-divider--separator-type-pattern:not(.elementor-widget-divider--view-line) .elementor-divider-separator:before,.elementor-widget-divider--separator-type-pattern:not([class*=elementor-widget-divider--view]) .elementor-divider-separator{width:100%;min-height:var(--divider-pattern-height);-webkit-mask-size:var(--divider-pattern-size) 100%;mask-size:var(--divider-pattern-size) 100%;-webkit-mask-repeat:var(--divider-pattern-repeat);mask-repeat:var(--divider-pattern-repeat);background-color:var(--divider-color);-webkit-mask-image:var(--divider-pattern-url);mask-image:var(--divider-pattern-url)}.elementor-widget-divider--no-spacing{--divider-pattern-size:auto}.elementor-widget-divider--bg-round{--divider-pattern-repeat:round}.rtl .elementor-widget-divider .elementor-divider__text{direction:rtl}.e-container>.elementor-widget-divider{width:var(--container-widget-width,100%);-webkit-box-flex:1;-ms-flex-positive:1;flex-grow:1}<\/style>\t\t<div class=\"elementor-divider\">\n\t\t\t<span class=\"elementor-divider-separator\">\n\t\t\t\t\t\t<\/span>\n\t\t<\/div>\n\t\t\t\t<\/div>\n\t\t\t\t<\/div>\n\t\t\t\t<div class=\"elementor-element elementor-element-af14f94 elementor-widget elementor-widget-html\" data-id=\"af14f94\" data-element_type=\"widget\" data-widget_type=\"html.default\">\n\t\t\t\t<div class=\"elementor-widget-container\">\n\t\t\t\n\n<div class=\"hci-container\" data-config-id=\"3264\" data-language=\"de\" data-entry-point=\"search\"><\/div><script src=\"https:\/\/www.autoscout24.ch\/assets\/hci\/v2\/hci.current.js\"><\/script>\t\t<\/div>\n\t\t\t\t<\/div>\n\t\t\t\t\t<\/div>\n\t\t<\/div>\n\t\t\t\t\t\t\t<\/div>\n\t\t<\/section>\n\t\t\t\t<section class=\"elementor-section elementor-top-section elementor-element elementor-element-6e68f2f elementor-section-boxed elementor-section-height-default elementor-section-height-default\" data-id=\"6e68f2f\" data-element_type=\"section\">\n\t\t\t\t\t\t\t<div class=\"elementor-background-overlay\"><\/div>\n\t\t\t\t\t\t\t<div class=\"elementor-container elementor-column-gap-default\">\n\t\t\t\t\t<div class=\"elementor-column elementor-col-100 elementor-top-column elementor-element elementor-element-169b39d\" data-id=\"169b39d\" data-element_type=\"column\">\n\t\t\t<div class=\"elementor-widget-wrap elementor-element-populated\">\n\t\t\t\t\t\t\t\t<div class=\"elementor-element elementor-element-258ce7b elementor-widget elementor-widget-heading\" data-id=\"258ce7b\" data-element_type=\"widget\" data-widget_type=\"heading.default\">\n\t\t\t\t<div class=\"elementor-widget-container\">\n\t\t\t<h2 class=\"elementor-heading-title elementor-size-default\">Unsere Dienstleistungen<\/h2>\t\t<\/div>\n\t\t\t\t<\/div>\n\t\t\t\t\t<\/div>\n\t\t<\/div>\n\t\t\t\t\t\t\t<\/div>\n\t\t<\/section>\n\t\t\t\t<section class=\"elementor-section elementor-top-section elementor-element elementor-element-39c1667 elementor-section-boxed elementor-section-height-default elementor-section-height-default\" data-id=\"39c1667\" data-element_type=\"section\">\n\t\t\t\t\t\t<div class=\"elementor-container elementor-column-gap-default\">\n\t\t\t\t\t<div class=\"elementor-column elementor-col-100 elementor-top-column elementor-element elementor-element-894d69e\" data-id=\"894d69e\" data-element_type=\"column\">\n\t\t\t<div class=\"elementor-widget-wrap elementor-element-populated\">\n\t\t\t\t\t\t\t\t<section class=\"elementor-section elementor-inner-section elementor-element elementor-element-0b41dc2 elementor-section-boxed elementor-section-height-default elementor-section-height-default\" data-id=\"0b41dc2\" data-element_type=\"section\">\n\t\t\t\t\t\t<div class=\"elementor-container elementor-column-gap-default\">\n\t\t\t\t\t<div class=\"elementor-column elementor-col-50 elementor-inner-column elementor-element elementor-element-84692a7\" data-id=\"84692a7\" data-element_type=\"column\">\n\t\t\t<div class=\"elementor-widget-wrap elementor-element-populated\">\n\t\t\t\t\t\t\t\t<div class=\"elementor-element elementor-element-3bcd657 elementor-widget elementor-widget-text-editor\" data-id=\"3bcd657\" data-element_type=\"widget\" data-widget_type=\"text-editor.default\">\n\t\t\t\t<div class=\"elementor-widget-container\">\n\t\t\t\t\t\t\t<p><b>Wohnwagen<\/b><\/p>\n<p>Finden Sie bei uns passende Angebote&#8230;<br><\/p>\t\t\t\t\t\t<\/div>\n\t\t\t\t<\/div>\n\t\t\t\t<div class=\"elementor-element elementor-element-1ec8630 elementor-widget elementor-widget-image\" data-id=\"1ec8630\" data-element_type=\"widget\" data-widget_type=\"image.default\">\n\t\t\t\t<div class=\"elementor-widget-container\">\n\t\t\t<style>\/*! elementor - v3.6.8 - 27-07-2022 *\/\n.elementor-widget-image{text-align:center}.elementor-widget-image a{display:inline-block}.elementor-widget-image a img[src$=\".svg\"]{width:48px}.elementor-widget-image img{vertical-align:middle;display:inline-block}<\/style>\t\t\t\t\t\t\t\t\t\t\t\t<img loading=\"lazy\" decoding=\"async\" width=\"300\" height=\"199\" src=\"https:\/\/caravancentrebienne.ch\/wp-content\/uploads\/2022\/08\/road-3075966_1920-2-300x199.jpg\" class=\"attachment-medium size-medium\" alt=\"\" srcset=\"https:\/\/caravancentrebienne.ch\/wp-content\/uploads\/2022\/08\/road-3075966_1920-2-300x199.jpg 300w, https:\/\/caravancentrebienne.ch\/wp-content\/uploads\/2022\/08\/road-3075966_1920-2-1024x678.jpg 1024w, https:\/\/caravancentrebienne.ch\/wp-content\/uploads\/2022\/08\/road-3075966_1920-2-768x508.jpg 768w, https:\/\/caravancentrebienne.ch\/wp-content\/uploads\/2022\/08\/road-3075966_1920-2-1536x1017.jpg 1536w, https:\/\/caravancentrebienne.ch\/wp-content\/uploads\/2022\/08\/road-3075966_1920-2-221x146.jpg 221w, https:\/\/caravancentrebienne.ch\/wp-content\/uploads\/2022\/08\/road-3075966_1920-2-50x33.jpg 50w, https:\/\/caravancentrebienne.ch\/wp-content\/uploads\/2022\/08\/road-3075966_1920-2-113x75.jpg 113w, https:\/\/caravancentrebienne.ch\/wp-content\/uploads\/2022\/08\/road-3075966_1920-2.jpg 1920w\" sizes=\"auto, (max-width: 300px) 100vw, 300px\" \/>\t\t\t\t\t\t\t\t\t\t\t\t\t\t\t<\/div>\n\t\t\t\t<\/div>\n\t\t\t\t\t<\/div>\n\t\t<\/div>\n\t\t\t\t<div class=\"elementor-column elementor-col-50 elementor-inner-column elementor-element elementor-element-5019386\" data-id=\"5019386\" data-element_type=\"column\">\n\t\t\t<div class=\"elementor-widget-wrap elementor-element-populated\">\n\t\t\t\t\t\t\t\t<div class=\"elementor-element elementor-element-217183a elementor-widget elementor-widget-text-editor\" data-id=\"217183a\" data-element_type=\"widget\" data-widget_type=\"text-editor.default\">\n\t\t\t\t<div class=\"elementor-widget-container\">\n\t\t\t\t\t\t\t<p><b>Motorhome<\/b><\/p><p>Suchen und finden&#8230;<br><\/p>\t\t\t\t\t\t<\/div>\n\t\t\t\t<\/div>\n\t\t\t\t<div class=\"elementor-element elementor-element-97c0117 elementor-widget elementor-widget-image\" data-id=\"97c0117\" data-element_type=\"widget\" data-widget_type=\"image.default\">\n\t\t\t\t<div class=\"elementor-widget-container\">\n\t\t\t\t\t\t\t\t\t\t\t\t\t\t\t<img loading=\"lazy\" decoding=\"async\" width=\"300\" height=\"200\" src=\"https:\/\/caravancentrebienne.ch\/wp-content\/uploads\/2022\/08\/camping-5397158_1920-2-300x200.jpg\" class=\"attachment-medium size-medium\" alt=\"\" srcset=\"https:\/\/caravancentrebienne.ch\/wp-content\/uploads\/2022\/08\/camping-5397158_1920-2-300x200.jpg 300w, https:\/\/caravancentrebienne.ch\/wp-content\/uploads\/2022\/08\/camping-5397158_1920-2-1024x684.jpg 1024w, https:\/\/caravancentrebienne.ch\/wp-content\/uploads\/2022\/08\/camping-5397158_1920-2-768x513.jpg 768w, https:\/\/caravancentrebienne.ch\/wp-content\/uploads\/2022\/08\/camping-5397158_1920-2-1536x1026.jpg 1536w, https:\/\/caravancentrebienne.ch\/wp-content\/uploads\/2022\/08\/camping-5397158_1920-2-218x146.jpg 218w, https:\/\/caravancentrebienne.ch\/wp-content\/uploads\/2022\/08\/camping-5397158_1920-2-50x33.jpg 50w, https:\/\/caravancentrebienne.ch\/wp-content\/uploads\/2022\/08\/camping-5397158_1920-2-112x75.jpg 112w, https:\/\/caravancentrebienne.ch\/wp-content\/uploads\/2022\/08\/camping-5397158_1920-2-272x182.jpg 272w, https:\/\/caravancentrebienne.ch\/wp-content\/uploads\/2022\/08\/camping-5397158_1920-2.jpg 1920w\" sizes=\"auto, (max-width: 300px) 100vw, 300px\" \/>\t\t\t\t\t\t\t\t\t\t\t\t\t\t\t<\/div>\n\t\t\t\t<\/div>\n\t\t\t\t\t<\/div>\n\t\t<\/div>\n\t\t\t\t\t\t\t<\/div>\n\t\t<\/section>\n\t\t\t\t\t<\/div>\n\t\t<\/div>\n\t\t\t\t\t\t\t<\/div>\n\t\t<\/section>\n\t\t\t\t<section class=\"elementor-section elementor-top-section elementor-element elementor-element-230d156 elementor-section-boxed elementor-section-height-default elementor-section-height-default\" data-id=\"230d156\" data-element_type=\"section\">\n\t\t\t\t\t\t<div class=\"elementor-container elementor-column-gap-default\">\n\t\t\t\t\t<div class=\"elementor-column elementor-col-100 elementor-top-column elementor-element elementor-element-17080f7\" data-id=\"17080f7\" data-element_type=\"column\">\n\t\t\t<div class=\"elementor-widget-wrap elementor-element-populated\">\n\t\t\t\t\t\t\t\t<section class=\"elementor-section elementor-inner-section elementor-element elementor-element-4e16e6e elementor-section-boxed elementor-section-height-default elementor-section-height-default\" data-id=\"4e16e6e\" data-element_type=\"section\">\n\t\t\t\t\t\t<div class=\"elementor-container elementor-column-gap-default\">\n\t\t\t\t\t<div class=\"elementor-column elementor-col-50 elementor-inner-column elementor-element elementor-element-f745721\" data-id=\"f745721\" data-element_type=\"column\">\n\t\t\t<div class=\"elementor-widget-wrap elementor-element-populated\">\n\t\t\t\t\t\t\t\t<div class=\"elementor-element elementor-element-75b57a5 elementor-widget elementor-widget-text-editor\" data-id=\"75b57a5\" data-element_type=\"widget\" data-widget_type=\"text-editor.default\">\n\t\t\t\t<div class=\"elementor-widget-container\">\n\t\t\t\t\t\t\t<p><b>Zubeh\u00f6r<\/b><\/p>\n<p>Zubeh\u00f6rteile auch bei uns erh\u00e4ltlich&#8230;<br><\/p>\t\t\t\t\t\t<\/div>\n\t\t\t\t<\/div>\n\t\t\t\t<div class=\"elementor-element elementor-element-b5668bd elementor-widget elementor-widget-image\" data-id=\"b5668bd\" data-element_type=\"widget\" data-widget_type=\"image.default\">\n\t\t\t\t<div class=\"elementor-widget-container\">\n\t\t\t\t\t\t\t\t\t\t\t\t\t\t\t<img loading=\"lazy\" decoding=\"async\" width=\"300\" height=\"211\" src=\"https:\/\/caravancentrebienne.ch\/wp-content\/uploads\/2022\/08\/motorhome-1827832_1920-2-300x211.jpg\" class=\"attachment-medium size-medium\" alt=\"\" srcset=\"https:\/\/caravancentrebienne.ch\/wp-content\/uploads\/2022\/08\/motorhome-1827832_1920-2-300x211.jpg 300w, https:\/\/caravancentrebienne.ch\/wp-content\/uploads\/2022\/08\/motorhome-1827832_1920-2-1024x722.jpg 1024w, https:\/\/caravancentrebienne.ch\/wp-content\/uploads\/2022\/08\/motorhome-1827832_1920-2-768x541.jpg 768w, https:\/\/caravancentrebienne.ch\/wp-content\/uploads\/2022\/08\/motorhome-1827832_1920-2-1536x1082.jpg 1536w, https:\/\/caravancentrebienne.ch\/wp-content\/uploads\/2022\/08\/motorhome-1827832_1920-2-207x146.jpg 207w, https:\/\/caravancentrebienne.ch\/wp-content\/uploads\/2022\/08\/motorhome-1827832_1920-2-50x35.jpg 50w, https:\/\/caravancentrebienne.ch\/wp-content\/uploads\/2022\/08\/motorhome-1827832_1920-2-106x75.jpg 106w, https:\/\/caravancentrebienne.ch\/wp-content\/uploads\/2022\/08\/motorhome-1827832_1920-2.jpg 1920w\" sizes=\"auto, (max-width: 300px) 100vw, 300px\" \/>\t\t\t\t\t\t\t\t\t\t\t\t\t\t\t<\/div>\n\t\t\t\t<\/div>\n\t\t\t\t\t<\/div>\n\t\t<\/div>\n\t\t\t\t<div class=\"elementor-column elementor-col-50 elementor-inner-column elementor-element elementor-element-1fdf3c5\" data-id=\"1fdf3c5\" data-element_type=\"column\">\n\t\t\t<div class=\"elementor-widget-wrap elementor-element-populated\">\n\t\t\t\t\t\t\t\t<div class=\"elementor-element elementor-element-c987b58 elementor-widget elementor-widget-text-editor\" data-id=\"c987b58\" data-element_type=\"widget\" data-widget_type=\"text-editor.default\">\n\t\t\t\t<div class=\"elementor-widget-container\">\n\t\t\t\t\t\t\t<p><b>Finanzierungen<\/b><\/p><p>Lassen Sie sich einen Finanzierungsplan von uns ausarbeiten&#8230;<br><\/p>\t\t\t\t\t\t<\/div>\n\t\t\t\t<\/div>\n\t\t\t\t<div class=\"elementor-element elementor-element-126c9b0 elementor-widget elementor-widget-image\" data-id=\"126c9b0\" data-element_type=\"widget\" data-widget_type=\"image.default\">\n\t\t\t\t<div class=\"elementor-widget-container\">\n\t\t\t\t\t\t\t\t\t\t\t\t\t\t\t<img loading=\"lazy\" decoding=\"async\" width=\"300\" height=\"200\" src=\"https:\/\/caravancentrebienne.ch\/wp-content\/uploads\/2022\/08\/camper-7304033_1920-2-300x200.jpg\" class=\"attachment-medium size-medium\" alt=\"\" srcset=\"https:\/\/caravancentrebienne.ch\/wp-content\/uploads\/2022\/08\/camper-7304033_1920-2-300x200.jpg 300w, https:\/\/caravancentrebienne.ch\/wp-content\/uploads\/2022\/08\/camper-7304033_1920-2-1024x683.jpg 1024w, https:\/\/caravancentrebienne.ch\/wp-content\/uploads\/2022\/08\/camper-7304033_1920-2-768x512.jpg 768w, https:\/\/caravancentrebienne.ch\/wp-content\/uploads\/2022\/08\/camper-7304033_1920-2-1536x1024.jpg 1536w, https:\/\/caravancentrebienne.ch\/wp-content\/uploads\/2022\/08\/camper-7304033_1920-2-219x146.jpg 219w, https:\/\/caravancentrebienne.ch\/wp-content\/uploads\/2022\/08\/camper-7304033_1920-2-50x33.jpg 50w, https:\/\/caravancentrebienne.ch\/wp-content\/uploads\/2022\/08\/camper-7304033_1920-2-113x75.jpg 113w, https:\/\/caravancentrebienne.ch\/wp-content\/uploads\/2022\/08\/camper-7304033_1920-2-272x182.jpg 272w, https:\/\/caravancentrebienne.ch\/wp-content\/uploads\/2022\/08\/camper-7304033_1920-2.jpg 1920w\" sizes=\"auto, (max-width: 300px) 100vw, 300px\" \/>\t\t\t\t\t\t\t\t\t\t\t\t\t\t\t<\/div>\n\t\t\t\t<\/div>\n\t\t\t\t\t<\/div>\n\t\t<\/div>\n\t\t\t\t\t\t\t<\/div>\n\t\t<\/section>\n\t\t\t\t\t<\/div>\n\t\t<\/div>\n\t\t\t\t\t\t\t<\/div>\n\t\t<\/section>\n\t\t\t\t<section class=\"elementor-section elementor-top-section elementor-element elementor-element-6a4187f elementor-section-boxed elementor-section-height-default elementor-section-height-default\" data-id=\"6a4187f\" data-element_type=\"section\">\n\t\t\t\t\t\t<div class=\"elementor-container elementor-column-gap-default\">\n\t\t\t\t\t<div class=\"elementor-column elementor-col-100 elementor-top-column elementor-element elementor-element-cb68757\" data-id=\"cb68757\" data-element_type=\"column\">\n\t\t\t<div class=\"elementor-widget-wrap elementor-element-populated\">\n\t\t\t\t\t\t\t\t<div class=\"elementor-element elementor-element-6062256 elementor-widget elementor-widget-google_maps\" data-id=\"6062256\" data-element_type=\"widget\" data-widget_type=\"google_maps.default\">\n\t\t\t\t<div class=\"elementor-widget-container\">\n\t\t\t<style>\/*! elementor - v3.6.8 - 27-07-2022 *\/\n.elementor-widget-google_maps .elementor-widget-container{overflow:hidden}.elementor-widget-google_maps iframe{height:300px}<\/style>\t\t<div class=\"elementor-custom-embed\">\n\t\t\t<iframe frameborder=\"0\" scrolling=\"no\" marginheight=\"0\" marginwidth=\"0\"\n\t\t\t\t\tsrc=\"https:\/\/maps.google.com\/maps?q=Johann-Renfer-Strasse%203%202504%20Biel%2FBienne&#038;t=m&#038;z=16&#038;output=embed&#038;iwloc=near\"\n\t\t\t\t\ttitle=\"Johann-Renfer-Strasse 3 2504 Biel\/Bienne\"\n\t\t\t\t\taria-label=\"Johann-Renfer-Strasse 3 2504 Biel\/Bienne\"\n\t\t\t><\/iframe>\n\t\t<\/div>\n\t\t\t\t<\/div>\n\t\t\t\t<\/div>\n\t\t\t\t\t<\/div>\n\t\t<\/div>\n\t\t\t\t\t\t\t<\/div>\n\t\t<\/section>\n\t\t\t\t<section class=\"elementor-section elementor-top-section elementor-element elementor-element-2da3fc3 elementor-section-boxed elementor-section-height-default elementor-section-height-default\" data-id=\"2da3fc3\" data-element_type=\"section\">\n\t\t\t\t\t\t<div class=\"elementor-container elementor-column-gap-default\">\n\t\t\t\t\t<div class=\"elementor-column elementor-col-100 elementor-top-column elementor-element elementor-element-9ed31fc\" data-id=\"9ed31fc\" data-element_type=\"column\">\n\t\t\t<div class=\"elementor-widget-wrap\">\n\t\t\t\t\t\t\t\t\t<\/div>\n\t\t<\/div>\n\t\t\t\t\t\t\t<\/div>\n\t\t<\/section>\n\t\t\t\t\t\t\t<\/div>\n\t\t","protected":false},"excerpt":{"rendered":"<p>Ihr Partner f\u00fcr sch\u00f6ne Urlaube auf R\u00e4dern Werte Kunden Herzlichst Willkommen bei&nbsp;\u201eCARAVAN CENTRE Biel\/Bienne\u201c. Wir haben f\u00fcr Sie immer nur sch\u00f6ne und stetig gepflegte&nbsp;Occasion&nbsp;Wohnwagen und Wohnmobile zur Auswahl. Ihr Nik Qerimi Unsere Dienstleistungen Wohnwagen Finden Sie bei uns passende Angebote&#8230; Motorhome Suchen und finden&#8230; Zubeh\u00f6r Zubeh\u00f6rteile auch bei uns erh\u00e4ltlich&#8230; Finanzierungen Lassen Sie sich einen [&hellip;]<\/p>\n","protected":false},"author":1,"featured_media":0,"parent":0,"menu_order":0,"comment_status":"closed","ping_status":"closed","template":"","meta":{"content-type":"","footnotes":""},"class_list":["post-8","page","type-page","status-publish","hentry"],"_links":{"self":[{"href":"https:\/\/caravancentrebienne.ch\/index.php\/wp-json\/wp\/v2\/pages\/8","targetHints":{"allow":["GET"]}}],"collection":[{"href":"https:\/\/caravancentrebienne.ch\/index.php\/wp-json\/wp\/v2\/pages"}],"about":[{"href":"https:\/\/caravancentrebienne.ch\/index.php\/wp-json\/wp\/v2\/types\/page"}],"author":[{"embeddable":true,"href":"https:\/\/caravancentrebienne.ch\/index.php\/wp-json\/wp\/v2\/users\/1"}],"replies":[{"embeddable":true,"href":"https:\/\/caravancentrebienne.ch\/index.php\/wp-json\/wp\/v2\/comments?post=8"}],"version-history":[{"count":78,"href":"https:\/\/caravancentrebienne.ch\/index.php\/wp-json\/wp\/v2\/pages\/8\/revisions"}],"predecessor-version":[{"id":678,"href":"https:\/\/caravancentrebienne.ch\/index.php\/wp-json\/wp\/v2\/pages\/8\/revisions\/678"}],"wp:attachment":[{"href":"https:\/\/caravancentrebienne.ch\/index.php\/wp-json\/wp\/v2\/media?parent=8"}],"curies":[{"name":"wp","href":"https:\/\/api.w.org\/{rel}","templated":true}]}}